 prime factors of t?
3, 7
Suppose 4*t = -4*h - 24, t = -3*t - 3*h - 22. What are the prime factors of (352/40)/(t/(-10))?
2, 11
List the prime factors of (13 - 61721/22)*-2.
5, 1117
Let d be (-2)/1*7/(-2). Let a = d + -6. What are the prime factors of (35/10)/(a/6)?
3, 7
Suppose 988 = 2*w + 2*p, p + 0 + 2 = 0. What are the prime factors of w?
2, 31
Let y be ((-2)/4)/((-2)/(-8)). What are the prime factors of (-8)/((-40)/55) + 4/y?
3
Suppose -2*j = -12*j + 1040. List the prime factors of j.
2, 13
Suppose -12*o + 6*o = -5814. Suppose 51 = -6*z + o. List the prime factors of z.
3, 17
Let z be -18*(4/(-3) + 1). Suppose -2*i + 2 + z = 0, 4*o - 156 = -3*i. List the prime factors of o.
2, 3
Suppose 0 = -3*a - 3 - 18. Let w be (-7 - a)/((-4)/(-1)). Let p(s) = -s**2 + 15. List the prime factors of p(w).
3, 5
Suppose 2*r + 72 = -5*y, 3*r - 2*y + 72 + 36 = 0. Suppose -3*d + 5 + 25 = -2*i, 5*d + 2*i - 50 = 0. What are the prime factors of (d/15)/((-2)/r)?
2, 3
Let z be 4/6*(-21)/14. Let n = z - -3. Suppose -n*k - 135 = -7*k. List the prime factors of k.
3
Let a(g) = g**3 + 9*g**2 + 2*g + 10. Let q be a(-9). Let h be q/12*(1 + -130). Suppose v + 2*i = 44, -2*v + 2*i = -4*v + h. What are the prime factors of v?
2, 3, 7
Let n be 0/(6 + -3 + 0). Let z(y) = -y**3 - y**2 + y + 56. List the prime factors of z(n).
2, 7
Suppose -8 = -g - 4*y, -3*y = 2*g - y + 8. Let m(i) = -i - 15. Let d be m(g). Let z = 0 - d. What are the prime factors of z?
7
Let h be (-22)/(-33) - 5/3. Let l(u) = -98*u**3 - 2*u**2 - u. What are the prime factors of l(h)?
97
Suppose 2*n + 4*p - 152 = 0, 0 = -2*n + 5*p - 35 + 178. Let h = n - -181. Suppose -4*w - 2*x - x + h = 0, 2*w = 5*x + 95. What are the prime factors of w?
2, 3, 5
Let r(a) = a - 11. Let g be r(11). Suppose -4*b = -g - 36. List the prime factors of b.
3
Suppose 0*t + 21 = g + 5*t, 0 = -3*g + 3*t - 27. List the prime factors of (-1 - g) + (-2223)/(-13).
2, 3, 29
Let a = -8 - -2. Let h = a - -59. List the prime factors of h.
53
What are the prime factors of (-2)/5 - (-517)/(-110)*-2?
3
Suppose -6*o + 2*o + 3264 = 0. List the prime factors of o.
2, 3, 17
Suppose -31 = -5*t + 49. Suppose -t*r + 11*r = -185. What are the prime factors of r?
37
Let p = 5056 - 3562. What are the prime factors of p?
2, 3, 83
Let l be (8/(-2))/((-11)/572). List the prime factors of (-2)/(l/(-102) + 2).
3, 17
Let g = 15 + -58. Let d = -16 - g. List the prime factors of d.
3
Let k(a) be the second derivative of -a**5/20 - 7*a**4/12 + 3*a**3/2 + 8*a**2 + 16*a. What are the prime factors of k(-8)?
2
Let y be (0 - 0)/(6/3). Suppose -5*w + 5*i + 435 = y, 3*w - 168 = -5*i + 101. List the prime factors of w.
2, 11
Let q = 7831 + -4041. List the prime factors of q.
2, 5, 379
Let a(b) = 8*b**2 - 10*b + 20. Suppose 23*j = 26*j - 18. What are the prime factors of a(j)?
2, 31
Let d = 207 - 165. Let u(t) = 3*t**2 + 6*t + 3. Let j be u(-4). Let b = d - j. What are the prime factors of b?
3, 5
Suppose -4*g = 4*c - 80, 4*c + 2 = 5*g - 53. Suppose g*p = 12*p. Suppose -h = 4*j + h - 264, -4*j - 4*h + 264 = p. What are the prime factors of j?
2, 3, 11
Let k(o) = -o**2 + 11*o + 4. Let n be 141/18 - (-5)/30. What are the prime factors of k(n)?
2, 7
Let w(m) = -2*m + 20. Suppose -2*l = 3*y - 5 + 1, 0 = 3*l + 3*y - 9. Suppose -45 = -2*b + l*b. List the prime factors of w(b).
2, 5
List the prime factors of (-2276)/(-2) - (4 - -1).
11, 103
Suppose -2*o + o + 2 = 0. Suppose o*b = 3*b + 12. Let j(a) = -a**2 - 13*a + 7. List the prime factors of j(b).
19
Suppose -10*o + 6548 = -4672. List the prime factors of o.
2, 3, 11, 17
Suppose 2*i = 2*s - 0*i + 8, -5*s - i = -4. List the prime factors of (20 - 1) + 5 - (-1 + s).
5
List the prime factors of 7/(-84)*9 + (-4173)/(-12).
347
Let c(g) = -51*g - 63. What are the prime factors of c(-3)?
2, 3, 5
Suppose b - 5*g - 1263 = 0, 0 = -13*b + 15*b - 4*g - 2550. What are the prime factors of b?
1283
Suppose 8 = -4*p + 3*y - 1, -4*p - 4*y + 12 = 0. Suppose 5*f + 4*j - 163 = p, f - 102 = -2*f - j. Let i = 49 - f. What are the prime factors of i?
2, 7
Suppose -19*c + 93942 = 32*c. List the prime factors of c.
2, 3, 307
Let m = -179 + 195. What are the prime factors of m?
2
Let z = 36 - 21. Let l(m) = -3*m - 4. Let c be l(-4). Suppose c + z = s. What are the prime factors of s?
23
Suppose -7*f = -6*f + 69. Let v = 174 + f. What are the prime factors of v?
3, 5, 7
Let z(n) = -2*n**3 - 37*n**2 - 21*n + 21. What are the prime factors of z(-19)?
11, 71
Let a = 16 + -11. Let k be 16/2 - (-2 + a). Suppose -90 = -2*b + k*w, -w - 179 = -5*b - 0*w. List the prime factors of b.
5, 7
Suppose -12 = -z + 286. Let a = z - 157. What are the prime factors of a?
3, 47
Suppose -4*z + 3*r + 456 = 0, 6 = 5*r - 14. List the prime factors of z.
3, 13
List the prime factors of 675/540 + (-2)/(-8)*3503.
877
Let m(f) = -146*f - 67. List the prime factors of m(-7).
5, 191
Suppose -5*i - 19 = -f - 3*f, -2*f - 5*i - 13 = 0. What are the prime factors of (5/10)/(f/12)?
2, 3
Let s be ((-18)/30)/((-2)/10). Suppose 5*w = 5*p - 45 + 10, -s*w - 27 = -5*p. Suppose -12 = -4*x, -4*j + 168 = -7*x + p*x. List the prime factors of j.
3, 5
Let u(q) = -254*q + 126*q + 13*q**2 + 130*q + 0 + 2*q**3 - 3. What are the prime factors of u(-6)?
3, 7
Let z(j) = -j**3 + 3*j - 4*j - 4 + 0*j**3 + 0*j**2 - 5*j**2. List the prime factors of z(-6).
2, 19
Let k(t) = 0*t**3 + 3 - 3*t**2 - 6*t + 0 + 3*t**3 + 7*t**2. List the prime factors of k(2).
31
Let t(g) = g**2 + 16*g + 1352. What are the prime factors of t(0)?
2, 13
Let j be -5 + 3*16/6. Let s(f) = -3*f**2 - 7 + 0 + f**3 + 2*f**2 + 3*f. List the prime factors of s(j).
2, 5
Suppose -14*l = 14*l - 47684. List the prime factors of l.
13, 131
Suppose -2*l = 2*l - 504. Let s = l - 8. List the prime factors of s.
2, 59
Suppose -47*o = -48*o + 243. Suppose 0*a - 2*a + 210 = -3*z, 4*a + 4*z = 420. Suppose -6*f + o = -a. What are the prime factors of f?
2, 29
Suppose 16 + 84 = 5*f. Suppose 0*j - 5*j + f = 0. Suppose -j*u + 9 = -3*u - 2*y, -3 = -y. What are the prime factors of u?
3, 5
Let u(g) = -3*g + 24. Let k be u(7). Suppose d - k*x - 2*x - 356 = 0, -5*x = 5*d - 1720. List the prime factors of d.
2, 173
Let w(t) = 6*t**2 + 9*t - 32. Let y be w(-10). Suppose -y = -2*n + 2*l, -2*n + 6*n - l - 959 = 0. List the prime factors of n.
2, 3, 5
Suppose 4*h = 1522 - 430. List the prime factors of h.
3, 7, 13
Let j be (-6 + 3)/12 + 1146/8. Let i = j + -101. What are the prime factors of i?
2, 3, 7
Let i = -25 - -15. Let d(g) = -g**2 + 15*g - 4. Let w be d(13). Let c = w + i. List the prime factors of c.
2, 3
Suppose 519 = 2*z - 477. What are the prime factors of z?
2, 3, 83
Let c(f) = -f**2 + 3*f + 3. Let a be c(0). Suppose 140 + 88 = a*l. List the prime factors of l.
2, 19
Let x(s) = -s**3 - s + 1. Let n(l) = -3*l**3 - 2*l**2 - 7*l + 6. Let z(b) = -n(b) + 5*x(b). What are the prime factors of z(-2)?
19
Let i(m) = -11*m**3 - 9*m**2 - 7*m + 28. List the prime factors of i(-7).
7, 487
Let y(o) = -o**3 + 10*o**2 + 22*o - 9. Let l be y(11). Suppose -65 = -s + l. List the prime factors of s.
3, 59
Let q = -31 + -44. Let k = q + 99. List the prime factors of k.
2, 3
Suppose -2*a - 8*z + 5848 = -7*z, -4*z = -2*a + 5858. What are the prime factors of a?
3, 5, 13
Let a = -400 - -652. Suppose -1584 = -9*r - a. List the prime factors of r.
2, 37
Let d(m) = -10*m - 57. Let y be d(-21). Let w = y - 39. What are the prime factors of w?
2, 3, 19
Suppose -95 = -4*d - 67. Let n be 64 + 1/(-1) - -2. Suppose d*r = 2*r + n. What are the prime factors of r?
13
Suppose 0 = -4*k - 0 + 44. Suppose 0 = -3*l - 5*y + 35, 66 - k = 4*l + 5*y. List the prime factors of l.
2, 5
Let q = -523 - -3130. What are the prime factors of q?
3, 11, 79
Let k = -46 + 417. What are the prime factors of k?
7, 53
Let o be 0 + 3/(-6)*-6. Let s(u) = -o + 0 - 3*u + 0 - 3. What are the prime factors of s(-4)?
2, 3
Let c(n) = -n**3 + 4*n. Let g be c(-4). Suppose g*z - 53*z = -960. What are the prime factors of z?
2, 3
What are the prime factors of (6/(-4))/((-1 - -4)/(-5388))?
2, 3, 449
Let w = 135 + 499. List the prime factors of w.
2, 317
Suppose -6197 = -19*j + 2638. What are the prime factors of j?
3, 5, 31
Suppose -5*m + 9*m - 5*b = 497, -2*m - 2*b = -262. Let i = -79 + m. What are the prime factors of